{"id":3138,"date":"2018-08-28T17:04:39","date_gmt":"2018-08-28T15:04:39","guid":{"rendered":"https:\/\/www.ramery.fr\/achievements\/the-school-of-viviers\/"},"modified":"2019-11-04T10:17:49","modified_gmt":"2019-11-04T09:17:49","slug":"the-passivhaus-school","status":"publish","type":"page","link":"https:\/\/www.ramery.fr\/en\/achievements\/the-passivhaus-school\/","title":{"rendered":"The Passiv&#8217;haus school"},"content":{"rendered":"<p>D\u2019embl\u00e9e l\u2019ambition est donn\u00e9e. Le cahier des charges cible la labellisation Passivhaus pour l\u2019extension de l\u2019\u00e9cole des Viviers qui accueillera d\u00e9sormais les 450 \u00e9l\u00e8ves de Phalempin. Or, \u00e0 l\u2019\u00e9poque, seuls 6 \u00e9tablissements scolaires ont re\u00e7u ce label en France. La nouvelle \u00e9cole maternelle des viviers est aujourd\u2019hui la 7i\u00e8me \u00e0 avoir rejoint ce cercle restreint. Elle affiche le meilleur score en termes d\u2019\u00e9tanch\u00e9it\u00e9 \u00e0 l\u2019air, divisant par deux le seuil fix\u00e9 par la labellisation.<\/p>\n<p>La construction a b\u00e9n\u00e9fici\u00e9 des expertises compl\u00e9mentaires de Ramery b\u00e2timent et Ramery \u00c9nergies.<\/p>\n","protected":false},"excerpt":{"rendered":"<p>D\u2019embl\u00e9e l\u2019ambition est donn\u00e9e. Le cahier des charges cible la labellisation Passivhaus pour l\u2019extension de l\u2019\u00e9cole des Viviers qui accueillera d\u00e9sormais les 450 \u00e9l\u00e8ves [&hellip;]<\/p>\n","protected":false},"author":21,"featured_media":3932,"parent":131,"menu_order":0,"comment_status":"closed","ping_status":"closed","template":"page-realisation.php","meta":{"_acf_changed":false,"footnotes":""},"categories":[14],"class_list":["post-3138","page","type-page","status-publish","has-post-thumbnail","hentry","category-realisation-en"],"acf":[],"yoast_head":"<!-- This site is optimized with the Yoast SEO Premium plugin v26.5 (Yoast SEO v27.2) - https:\/\/yoast.com\/product\/yoast-seo-premium-wordpress\/ -->\n<title>The Passiv&#039;haus school - Ramery<\/title>\n<meta name=\"robots\" content=\"index, follow, max-snippet:-1, max-image-preview:large, max-video-preview:-1\" \/>\n<link rel=\"canonical\" href=\"https:\/\/www.ramery.fr\/en\/achievements\/the-passivhaus-school\/\" \/>\n<meta property=\"og:locale\" content=\"en_US\" \/>\n<meta property=\"og:type\" content=\"article\" \/>\n<meta property=\"og:title\" content=\"The Passiv&#039;haus school\" \/>\n<meta property=\"og:description\" content=\"D\u2019embl\u00e9e l\u2019ambition est donn\u00e9e. Le cahier des charges cible la labellisation Passivhaus pour l\u2019extension de l\u2019\u00e9cole des Viviers qui accueillera d\u00e9sormais les 450 \u00e9l\u00e8ves [&hellip;]\" \/>\n<meta property=\"og:url\" content=\"https:\/\/www.ramery.fr\/en\/achievements\/the-passivhaus-school\/\" \/>\n<meta property=\"og:site_name\" content=\"Ramery\" \/>\n<meta property=\"article:modified_time\" content=\"2019-11-04T09:17:49+00:00\" \/>\n<meta property=\"og:image\" content=\"https:\/\/www.ramery.fr\/wp-content\/uploads\/2018\/11\/EcoleDesViviers-Phalempin.jpg\" \/>\n\t<meta property=\"og:image:width\" content=\"1920\" \/>\n\t<meta property=\"og:image:height\" content=\"1272\" \/>\n\t<meta property=\"og:image:type\" content=\"image\/jpeg\" \/>\n<meta name=\"twitter:card\" content=\"summary_large_image\" \/>\n<meta name=\"twitter:label1\" content=\"Est. reading time\" \/>\n\t<meta name=\"twitter:data1\" content=\"1 minute\" \/>\n<script type=\"application\/ld+json\" class=\"yoast-schema-graph\">{\"@context\":\"https:\/\/schema.org\",\"@graph\":[{\"@type\":\"WebPage\",\"@id\":\"https:\/\/www.ramery.fr\/en\/achievements\/the-passivhaus-school\/\",\"url\":\"https:\/\/www.ramery.fr\/en\/achievements\/the-passivhaus-school\/\",\"name\":\"The Passiv'haus school - Ramery\",\"isPartOf\":{\"@id\":\"https:\/\/www.ramery.fr\/#website\"},\"primaryImageOfPage\":{\"@id\":\"https:\/\/www.ramery.fr\/en\/achievements\/the-passivhaus-school\/#primaryimage\"},\"image\":{\"@id\":\"https:\/\/www.ramery.fr\/en\/achievements\/the-passivhaus-school\/#primaryimage\"},\"thumbnailUrl\":\"https:\/\/www.ramery.fr\/wp-content\/uploads\/2018\/11\/EcoleDesViviers-Phalempin.jpg\",\"datePublished\":\"2018-08-28T15:04:39+00:00\",\"dateModified\":\"2019-11-04T09:17:49+00:00\",\"breadcrumb\":{\"@id\":\"https:\/\/www.ramery.fr\/en\/achievements\/the-passivhaus-school\/#breadcrumb\"},\"inLanguage\":\"en-US\",\"potentialAction\":[{\"@type\":\"ReadAction\",\"target\":[\"https:\/\/www.ramery.fr\/en\/achievements\/the-passivhaus-school\/\"]}]},{\"@type\":\"ImageObject\",\"inLanguage\":\"en-US\",\"@id\":\"https:\/\/www.ramery.fr\/en\/achievements\/the-passivhaus-school\/#primaryimage\",\"url\":\"https:\/\/www.ramery.fr\/wp-content\/uploads\/2018\/11\/EcoleDesViviers-Phalempin.jpg\",\"contentUrl\":\"https:\/\/www.ramery.fr\/wp-content\/uploads\/2018\/11\/EcoleDesViviers-Phalempin.jpg\",\"width\":1920,\"height\":1272},{\"@type\":\"BreadcrumbList\",\"@id\":\"https:\/\/www.ramery.fr\/en\/achievements\/the-passivhaus-school\/#breadcrumb\",\"itemListElement\":[{\"@type\":\"ListItem\",\"position\":1,\"name\":\"Accueil\",\"item\":\"https:\/\/www.ramery.fr\/en\/\"},{\"@type\":\"ListItem\",\"position\":2,\"name\":\"Achievements\",\"item\":\"https:\/\/www.ramery.fr\/en\/achievements\/\"},{\"@type\":\"ListItem\",\"position\":3,\"name\":\"The Passiv&#8217;haus school\"}]},{\"@type\":\"WebSite\",\"@id\":\"https:\/\/www.ramery.fr\/#website\",\"url\":\"https:\/\/www.ramery.fr\/\",\"name\":\"Ramery\",\"description\":\"Groupe de B\u00e2timent et Travaux Publics\",\"potentialAction\":[{\"@type\":\"SearchAction\",\"target\":{\"@type\":\"EntryPoint\",\"urlTemplate\":\"https:\/\/www.ramery.fr\/?s={search_term_string}\"},\"query-input\":{\"@type\":\"PropertyValueSpecification\",\"valueRequired\":true,\"valueName\":\"search_term_string\"}}],\"inLanguage\":\"en-US\"}]}<\/script>\n<!-- \/ Yoast SEO Premium plugin. -->","yoast_head_json":{"title":"The Passiv'haus school - Ramery","robots":{"index":"index","follow":"follow","max-snippet":"max-snippet:-1","max-image-preview":"max-image-preview:large","max-video-preview":"max-video-preview:-1"},"canonical":"https:\/\/www.ramery.fr\/en\/achievements\/the-passivhaus-school\/","og_locale":"en_US","og_type":"article","og_title":"The Passiv'haus school","og_description":"D\u2019embl\u00e9e l\u2019ambition est donn\u00e9e. Le cahier des charges cible la labellisation Passivhaus pour l\u2019extension de l\u2019\u00e9cole des Viviers qui accueillera d\u00e9sormais les 450 \u00e9l\u00e8ves [&hellip;]","og_url":"https:\/\/www.ramery.fr\/en\/achievements\/the-passivhaus-school\/","og_site_name":"Ramery","article_modified_time":"2019-11-04T09:17:49+00:00","og_image":[{"width":1920,"height":1272,"url":"https:\/\/www.ramery.fr\/wp-content\/uploads\/2018\/11\/EcoleDesViviers-Phalempin.jpg","type":"image\/jpeg"}],"twitter_card":"summary_large_image","twitter_misc":{"Est. reading time":"1 minute"},"schema":{"@context":"https:\/\/schema.org","@graph":[{"@type":"WebPage","@id":"https:\/\/www.ramery.fr\/en\/achievements\/the-passivhaus-school\/","url":"https:\/\/www.ramery.fr\/en\/achievements\/the-passivhaus-school\/","name":"The Passiv'haus school - Ramery","isPartOf":{"@id":"https:\/\/www.ramery.fr\/#website"},"primaryImageOfPage":{"@id":"https:\/\/www.ramery.fr\/en\/achievements\/the-passivhaus-school\/#primaryimage"},"image":{"@id":"https:\/\/www.ramery.fr\/en\/achievements\/the-passivhaus-school\/#primaryimage"},"thumbnailUrl":"https:\/\/www.ramery.fr\/wp-content\/uploads\/2018\/11\/EcoleDesViviers-Phalempin.jpg","datePublished":"2018-08-28T15:04:39+00:00","dateModified":"2019-11-04T09:17:49+00:00","breadcrumb":{"@id":"https:\/\/www.ramery.fr\/en\/achievements\/the-passivhaus-school\/#breadcrumb"},"inLanguage":"en-US","potentialAction":[{"@type":"ReadAction","target":["https:\/\/www.ramery.fr\/en\/achievements\/the-passivhaus-school\/"]}]},{"@type":"ImageObject","inLanguage":"en-US","@id":"https:\/\/www.ramery.fr\/en\/achievements\/the-passivhaus-school\/#primaryimage","url":"https:\/\/www.ramery.fr\/wp-content\/uploads\/2018\/11\/EcoleDesViviers-Phalempin.jpg","contentUrl":"https:\/\/www.ramery.fr\/wp-content\/uploads\/2018\/11\/EcoleDesViviers-Phalempin.jpg","width":1920,"height":1272},{"@type":"BreadcrumbList","@id":"https:\/\/www.ramery.fr\/en\/achievements\/the-passivhaus-school\/#breadcrumb","itemListElement":[{"@type":"ListItem","position":1,"name":"Accueil","item":"https:\/\/www.ramery.fr\/en\/"},{"@type":"ListItem","position":2,"name":"Achievements","item":"https:\/\/www.ramery.fr\/en\/achievements\/"},{"@type":"ListItem","position":3,"name":"The Passiv&#8217;haus school"}]},{"@type":"WebSite","@id":"https:\/\/www.ramery.fr\/#website","url":"https:\/\/www.ramery.fr\/","name":"Ramery","description":"Groupe de B\u00e2timent et Travaux Publics","potentialAction":[{"@type":"SearchAction","target":{"@type":"EntryPoint","urlTemplate":"https:\/\/www.ramery.fr\/?s={search_term_string}"},"query-input":{"@type":"PropertyValueSpecification","valueRequired":true,"valueName":"search_term_string"}}],"inLanguage":"en-US"}]}},"_links":{"self":[{"href":"https:\/\/www.ramery.fr\/en\/wp-json\/wp\/v2\/pages\/3138","targetHints":{"allow":["GET"]}}],"collection":[{"href":"https:\/\/www.ramery.fr\/en\/wp-json\/wp\/v2\/pages"}],"about":[{"href":"https:\/\/www.ramery.fr\/en\/wp-json\/wp\/v2\/types\/page"}],"author":[{"embeddable":true,"href":"https:\/\/www.ramery.fr\/en\/wp-json\/wp\/v2\/users\/21"}],"replies":[{"embeddable":true,"href":"https:\/\/www.ramery.fr\/en\/wp-json\/wp\/v2\/comments?post=3138"}],"version-history":[{"count":5,"href":"https:\/\/www.ramery.fr\/en\/wp-json\/wp\/v2\/pages\/3138\/revisions"}],"predecessor-version":[{"id":4253,"href":"https:\/\/www.ramery.fr\/en\/wp-json\/wp\/v2\/pages\/3138\/revisions\/4253"}],"up":[{"embeddable":true,"href":"https:\/\/www.ramery.fr\/en\/wp-json\/wp\/v2\/pages\/131"}],"wp:featuredmedia":[{"embeddable":true,"href":"https:\/\/www.ramery.fr\/en\/wp-json\/wp\/v2\/media\/3932"}],"wp:attachment":[{"href":"https:\/\/www.ramery.fr\/en\/wp-json\/wp\/v2\/media?parent=3138"}],"wp:term":[{"taxonomy":"category","embeddable":true,"href":"https:\/\/www.ramery.fr\/en\/wp-json\/wp\/v2\/categories?post=3138"}],"curies":[{"name":"wp","href":"https:\/\/api.w.org\/{rel}","templated":true}]}}

<p>D’emblée l’ambition est donnée. Le cahier des charges cible la labellisation Passivhaus pour l’extension de l’école des Viviers qui accueillera désormais les 450 élèves de Phalempin. Or, à l’époque, seuls 6 établissements scolaires ont reçu ce label en France. La nouvelle école maternelle des viviers est aujourd’hui la 7ième à avoir rejoint ce cercle restreint. Elle affiche le meilleur score en termes d’étanchéité à l’air, divisant par deux le seuil fixé par la labellisation.</p>
<p>La construction a bénéficié des expertises complémentaires de Ramery bâtiment et Ramery Énergies.</p>

<p>D’emblée l’ambition est donnée. Le cahier des charges cible la labellisation Passivhaus pour l’extension de l’école des Viviers qui accueillera désormais les 450 élèves [&hellip;]</p>

<!-- This site is optimized with the Yoast SEO Premium plugin v26.5 (Yoast SEO v27.2) - https://yoast.com/product/yoast-seo-premium-wordpress/ -->
<title>The Passiv&#039;haus school - Ramery</title>
<meta name="robots" content="index, follow, max-snippet:-1, max-image-preview:large, max-video-preview:-1" />
<link rel="canonical" href="https://www.ramery.fr/en/achievements/the-passivhaus-school/" />
<meta property="og:locale" content="en_US" />
<meta property="og:type" content="article" />
<meta property="og:title" content="The Passiv&#039;haus school" />
<meta property="og:description" content="D’emblée l’ambition est donnée. Le cahier des charges cible la labellisation Passivhaus pour l’extension de l’école des Viviers qui accueillera désormais les 450 élèves [&hellip;]" />
<meta property="og:url" content="https://www.ramery.fr/en/achievements/the-passivhaus-school/" />
<meta property="og:site_name" content="Ramery" />
<meta property="article:modified_time" content="2019-11-04T09:17:49+00:00" />
<meta property="og:image" content="https://www.ramery.fr/wp-content/uploads/2018/11/EcoleDesViviers-Phalempin.jpg" />
	<meta property="og:image:width" content="1920" />
	<meta property="og:image:height" content="1272" />
	<meta property="og:image:type" content="image/jpeg" />
<meta name="twitter:card" content="summary_large_image" />
<meta name="twitter:label1" content="Est. reading time" />
	<meta name="twitter:data1" content="1 minute" />
<script type="application/ld+json" class="yoast-schema-graph">{"@context":"https://schema.org","@graph":[{"@type":"WebPage","@id":"https://www.ramery.fr/en/achievements/the-passivhaus-school/","url":"https://www.ramery.fr/en/achievements/the-passivhaus-school/","name":"The Passiv'haus school - Ramery","isPartOf":{"@id":"https://www.ramery.fr/#website"},"primaryImageOfPage":{"@id":"https://www.ramery.fr/en/achievements/the-passivhaus-school/#primaryimage"},"image":{"@id":"https://www.ramery.fr/en/achievements/the-passivhaus-school/#primaryimage"},"thumbnailUrl":"https://www.ramery.fr/wp-content/uploads/2018/11/EcoleDesViviers-Phalempin.jpg","datePublished":"2018-08-28T15:04:39+00:00","dateModified":"2019-11-04T09:17:49+00:00","breadcrumb":{"@id":"https://www.ramery.fr/en/achievements/the-passivhaus-school/#breadcrumb"},"inLanguage":"en-US","potentialAction":[{"@type":"ReadAction","target":["https://www.ramery.fr/en/achievements/the-passivhaus-school/"]}]},{"@type":"ImageObject","inLanguage":"en-US","@id":"https://www.ramery.fr/en/achievements/the-passivhaus-school/#primaryimage","url":"https://www.ramery.fr/wp-content/uploads/2018/11/EcoleDesViviers-Phalempin.jpg","contentUrl":"https://www.ramery.fr/wp-content/uploads/2018/11/EcoleDesViviers-Phalempin.jpg","width":1920,"height":1272},{"@type":"BreadcrumbList","@id":"https://www.ramery.fr/en/achievements/the-passivhaus-school/#breadcrumb","itemListElement":[{"@type":"ListItem","position":1,"name":"Accueil","item":"https://www.ramery.fr/en/"},{"@type":"ListItem","position":2,"name":"Achievements","item":"https://www.ramery.fr/en/achievements/"},{"@type":"ListItem","position":3,"name":"The Passiv&#8217;haus school"}]},{"@type":"WebSite","@id":"https://www.ramery.fr/#website","url":"https://www.ramery.fr/","name":"Ramery","description":"Groupe de Bâtiment et Travaux Publics","potentialAction":[{"@type":"SearchAction","target":{"@type":"EntryPoint","urlTemplate":"https://www.ramery.fr/?s={search_term_string}"},"query-input":{"@type":"PropertyValueSpecification","valueRequired":true,"valueName":"search_term_string"}}],"inLanguage":"en-US"}]}</script>
<!-- / Yoast SEO Premium plugin. -->

D’emblée l’ambition est donnée. Le cahier des charges cible la labellisation Passivhaus pour l’extension de l’école des Viviers qui accueillera désormais les 450 élèves [&hellip;]

Groupe de Bâtiment et Travaux Publics
